me factors of h.
2, 3
Let t = 9 + 23. List the prime factors of t.
2
Suppose 5*j - 3*j + 2*b = 20, 0 = 2*j + 3*b - 21. List the prime factors of 2/3 - (-93)/j.
11
Suppose 2*u = a - 2, 9*u = a + 4*u + 1. Suppose -2*t = h, 4*t - 5*t = -5*h. Suppose h = -w + 3*w - a. List the prime factors of w.
2
Let h = 315 + -181. What are the prime factors of h?
2, 67
Let t = 11 + -6. Suppose -7*z = -5*z. Suppose 4*h - 16 = -z*h, -w = t*h - 30. List the prime factors of w.
2, 5
Let k = -19 + 21. List the prime factors of k/(2*3/24).
2
Let w(n) = -6*n + 6. Let l(r) = 7*r - 6. Let m(i) = -3*l(i) - 4*w(i). Let y = -10 - -14. List the prime factors of m(y).
2, 3
Let s(y) be the first derivative of -1/2*y**2 - 2 + 0*y. List the prime factors of s(-8).
2
Let l(x) = x + 6. Suppose 0 = -3*a - 3*t + 1 - 16, 0 = 5*a - 3*t - 7. Let i = a - -6. What are the prime factors of l(i)?
11
Suppose u - 1 = 4. Suppose 4*y - 18 = -u*z, -3 + 1 = 3*y - 4*z. List the prime factors of y.
2
Suppose 10*j - 2*j - 1816 = 0. What are the prime factors of j?
227
Let u(k) = k**3 - 19*k**2 - 16*k - 23. List the prime factors of u(20).
3, 19
Let a(y) = -y**3 - y**2 - 3*y - 1. Let c be a(-2). Let k be (-13 + 1)*c/(-2). Suppose n + 5*h = -6, -4*h = -3*n + 8*n - k. What are the prime factors of n?
2, 7
Let d(w) = 2*w + 6. Let n be d(0). List the prime factors of (-3)/n + (-99)/(-6).
2
Suppose -5*n + 5*d = -600, 3*n + 4*d - 351 + 26 = 0. What are the prime factors of n?
5, 23
Suppose -3*b + 0*b + 84 = 0. List the prime factors of b.
2, 7
Let m(f) be the first derivative of -4 - f - 5/2*f**2. List the prime factors of m(-1).
2
Let u be (-9)/1*1/(-3). Suppose 0 = 2*f + 3*j - 52, u*f - 5*j = -f + 126. List the prime factors of f.
29
Suppose -2*w - 3*w = 0. Let a be -20 + -1 + w + 2. Let m = -5 - a. List the prime factors of m.
2, 7
Let k be 0*(-1 + (-2)/(-1)). Let l be 10/(-4)*(4 - k). What are the prime factors of (-6)/(-15) + (-56)/l?
2, 3
Suppose r + 96 = b, 48 + 144 = 2*b + 4*r. List the prime factors of b.
2, 3
Let g(v) = -v**3 - 11*v**2 - 9*v + 2. Let h be g(-10). Let l = -1 - h. What are the prime factors of l?
7
Suppose 48 = a + 11. Suppose 3*c = 5*p - 31, 3*p + 4*c = a - 1. List the prime factors of p.
2
Suppose 0 = 4*q + 4*u + 28, -6*u = -5*q - u + 5. Let w = q + 17. Suppose -3*h = -h - w. What are the prime factors of h?
7
Let a(d) = -9*d**3 + 2*d**2 - 1. List the prime factors of a(-1).
2, 5
Suppose -3*q - 13 + 2 = 5*x, 4*q = -4*x - 4. Suppose 0 = -4*r - l + 27, q*r - l - 19 = 3. List the prime factors of (r/2)/((-3)/(-6)).
7
Suppose -5*b + 2*o = o - 75, -5*b - 5*o = -45. What are the prime factors of (-59)/(-7) - 6/b?
2
Let z be 76/18 + (-4)/18. Suppose -2*f + 6 = -4*p, 5*p = -3*f + 5*f - 5. Suppose -x = p - z. List the prime factors of x.
3
List the prime factors of 1/3 + (-3)/((-36)/2216).
5, 37
Let o(j) = -7*j - 4 + 2*j + 3 - 1. Let x be o(2). Let k = -1 - x. List the prime factors of k.
11
Let o(u) = 25*u - 9. What are the prime factors of o(3)?
2, 3, 11
Suppose 2*d - 3*d + 52 = 0. Suppose 6*j - 2*j = d. List the prime factors of j.
13
Let m = -2 - -6. Let z = 8 - 5. Suppose 4*s = z*s + 5*b + 30, 2*b = -m*s + 32. List the prime factors of s.
2, 5
Let t(d) = -d**3 + 3*d**2 - 2*d - 2. Let z be t(-3). Suppose -2*c - z = -4*c. What are the prime factors of c?
29
Let a = -250 + 435. List the prime factors of a.
5, 37
What are the prime factors of 2/3*153/2?
3, 17
Let c(o) = o**3 + 15*o**2 + 9*o - 2. List the prime factors of c(-7).
3, 109
Suppose 3*g + g = 140. List the prime factors of g.
5, 7
Let o = 31 + 4. List the prime factors of o.
5, 7
Suppose 0 = 3*g + 2 + 19. List the prime factors of (0 - g) + (-4)/(-4).
2
Let m(a) = -a**3 + 2*a**2 - a + 3. Let j be m(0). List the prime factors of 119/j + 7/21.
2, 5
Suppose 2*m - 17 = 5*d - 59, 5*m = -3*d + 19. Suppose -2*w = -26 + d. List the prime factors of w.
3
Let b be 3*(3 + 55/(-3)). Let x = -31 - b. List the prime factors of x.
3, 5
Let z be 5/(-3)*(-18 + 0). Let n be (0 - z/9)*-3. What are the prime factors of (n/25)/(1/25)?
2, 5
Suppose 7*c + 70 - 238 = 0. What are the prime factors of c?
2, 3
Let s = -19 - -130. What are the prime factors of s?
3, 37
Let d(b) = -b**2 + 2*b + 3. Let s be d(3). Suppose s = g - 0 - 1. Suppose m = 5*o - 22, -o + g = 4*m - 16. List the prime factors of m.
3
Suppose 0 = 5*c + 15, 0 = 5*b - 4*c - 31 - 61. List the prime factors of b.
2
Let w = 3 + 13. What are the prime factors of w?
2
Let r be (58/(-3))/(22/33). Let s = -17 - r. What are the prime factors of s?
2, 3
Let p be (-570)/9 - 2/(-6). What are the prime factors of (-79)/(-7) - (-18)/p?
11
Suppose -3*v - 4*n + 2*n + 1 = 0, -2*n = -4. Let b(o) = o**3 - 5*o**2 - 3*o + 3. Let k(x) = -x + 1. Let i(d) = v*b(d) + 6*k(d). List the prime factors of i(3).
2, 3
Let b(f) = f**2 - 2*f - 1. Let n be b(3). Let d = n - -3. Suppose v = -d*r + 82, -2*v - v = 5*r - 76. List the prime factors of r.
17
Suppose -5*y = 4*o - 24, 0 = 3*o - 0*y - 3*y + 9. Let j = -13 + o. What are the prime factors of (-30)/(-4)*j/(-15)?
2, 3
Suppose 4*o - 111 = 4*j - 5*j, 4*j - 3*o - 368 = 0. List the prime factors of j.
5, 19
Let v = 10 + 1. List the prime factors of v.
11
Let u be (-2)/((-15)/9 - -1). Suppose u + 9 = 2*j. Let n(o) = 2*o - 8. List the prime factors of n(j).
2
Let u(z) = 3*z**2 + z. Let h be u(-1). Let v = h - 6. What are the prime factors of 11 + (v/(-2))/(-1)?
3
Let d be (2 + -22)/(1/(-3)). Suppose 0*w = -3*w + d. List the prime factors of w.
2, 5
Let v = 75 - 54. Suppose -4*s + 5*x = -v, -x - 4 - 1 = -s. Let u = s + -1. What are the prime factors of u?
3
Let k(a) = -4*a - 1. Let i be k(-1). Let z = 3 - i. Suppose -2*b + z*b = -14. What are the prime factors of b?
7
Suppose 2*v - x = 14, -2*v = 7*x - 2*x - 2. Let z be (-128)/(-22) + v/33. List the prime factors of z/4*4/3.
2
What are the prime factors of (-2)/(-6)*6*34/4?
17
Suppose -6 = -4*w + 2*w. Suppose 2*c - 116 = -w*l, 4*l - 151 - 5 = -4*c. What are the prime factors of l?
2, 19
Let v = 10 - 8. Suppose -v*k - 174 = -4*n, 5*n - 199 = n - 3*k. What are the prime factors of n?
2, 23
Let f(i) = i**2 + 8*i. Let d be f(-9). Let y = 28 - d. What are the prime factors of y?
19
Let i(d) = -d**2 - 2*d + 8. Let o be i(-10). What are the prime factors of (o/10)/((-1)/5)?
2, 3
Suppose -95 = -2*p - 5*z, 205 = 2*p + 2*p + 5*z. List the prime factors of p.
5, 11
Let i(c) = 2*c**2 + c. Let u be i(1). Let g be 4/(-6) - (-122)/u. Suppose 4*s - g = 5*w, -2*s - w = 2*w + 2. What are the prime factors of s?
5
Let b = 0 + -2. Let i = b + 6. Suppose -i*x + 0 + 16 = 0. What are the prime factors of x?
2
Let u(f) = -f**3 - 5*f**2 - 4*f + 2. Let p = 4 - 8. Let l be u(p). What are the prime factors of -4*(l + -2 + -1)?
2
Suppose 5*r = 2*v + 33, -4*r + 7 = -r + 2*v. Let l(m) = 2*m**2 - 4*m - 6. List the prime factors of l(r).
2, 3
Suppose 2*v = 90 + 68. List the prime factors of v.
79
Suppose -c - 246 = -2*m - m, 2*m = -2*c + 172. List the prime factors of m.
83
Let z(j) = j**2 - 9*j - 7. Let g be z(9). Let m = 4 + g. List the prime factors of (-30)/m + (-1 - 0).
3
Let g(f) = f + 9. Let a be g(-8). Let t(r) = 2 - 2 + r + a. What are the prime factors of t(3)?
2
Suppose -3*v = -21 + 6. Suppose v*d = -20, f - 3*f - 4*d = -4. What are the prime factors of f?
2, 5
Suppose -2*j - j = 0. Suppose -4*n + 144 = -n. Suppose j*t + n = 4*t. List the prime factors of t.
2, 3
Let g(z) = z**3 + 8*z**2 + 4*z - 4. What are the prime factors of g(-5)?
3, 17
Let w(c) = -c**2 - 11*c + 6. Suppose 3*n = 5*a - 49, -5*n + a = 26 + 19. List the prime factors of w(n).
2, 3, 5
Suppose 42 = 5*j + 362. Let h = -40 - j. List the prime factors of h.
2, 3
Let p(z) = z**2 - 4*z + 6. Let y = 6 + -1. Let l be p(y). Suppose l + 5 = 2*b. What are the prime factors of b?
2
Let z(v) = v - 5. Let q be z(8). Let u be (0 + -1)*0/q. What are the prime factors of u + 34*(-1)/(-2)?
17
Let r(l) = -2*l - 10. Let a be r(-7). Suppose 4*t + 8 = -3*v - 9, -4*t + 4 = -a*v. What are the prime factors of t + 6*3/3?
2
Suppose 0 = -4*y + 5*u + 35, 3*y = 5*y - 5*u - 25. Let g = 84 + -42. Suppose -y - 3 = 4*i, 4*j + i - g = 0. List the prime factors of j.
11
Suppose 28 = q - 3*i - 2*i, 48 = 5*q - 2*i. Suppose -q = -h + 28. Suppose t = -5*j - 5, -t - 2*t = -2*j - h. What are the prime factors o